{"id":388,"date":"2016-02-08T15:50:40","date_gmt":"2016-02-08T15:50:40","guid":{"rendered":"https:\/\/the7.io\/marketing-agency\/?page_id=388"},"modified":"2019-03-22T18:04:47","modified_gmt":"2019-03-23T00:04:47","slug":"about","status":"publish","type":"page","link":"https:\/\/www.brianpalma.com\/index.php\/about\/","title":{"rendered":"Acerca de nosotros"},"content":{"rendered":"<section class=\"wpb-content-wrapper\"><p>[vc_row equal_height=&#8221;yes&#8221; content_placement=&#8221;middle&#8221; type=&#8221;vc_default&#8221; margin_top=&#8221;5&#8243; margin_bottom=&#8221;10&#8243; css=&#8221;.vc_custom_1529516549373{padding-top: 70px !important;padding-bottom: 20px !important;}&#8221;][vc_column offset=&#8221;vc_col-lg-offset-2 vc_col-lg-8 vc_col-md-offset-1 vc_col-md-10&#8243;]<div id=\"ultimate-heading-735769e118978806f\" class=\"uvc-heading ult-adjust-bottom-margin ultimate-heading-735769e118978806f uvc-8226 accent-border-color\" data-hspacer=\"line_only\"  data-halign=\"center\" style=\"text-align:center\"><div class=\"uvc-main-heading ult-responsive\"  data-ultimate-target='.uvc-heading.ultimate-heading-735769e118978806f h2'  data-responsive-json-new='{\"font-size\":\"desktop:44px;tablet_portrait:30px;\",\"line-height\":\"desktop:54px;tablet_portrait:40px;\"}' ><h2 style=\"font-weight:bold;margin-bottom:10px;\">Acerca de Nosotros<\/h2><\/div><div class=\"uvc-heading-spacer line_only\" style=\"margin-bottom:40px;height:5px;\"><span class=\"uvc-headings-line\" style=\"border-style:solid;border-bottom-width:5px;border-color:;width:120px;\"><\/span><\/div><div class=\"uvc-sub-heading ult-responsive\"  data-ultimate-target='.uvc-heading.ultimate-heading-735769e118978806f .uvc-sub-heading '  data-responsive-json-new='{\"font-size\":\"desktop:22px;mobile_landscape:16px;\",\"line-height\":\"desktop:32px;mobile_landscape:26px;\"}'  style=\"font-style:italic;font-weight:normal;color:#333333;margin-bottom:70px;\">Nosotros plasmamos sus ideas, usamos la tecnolog\u00eda para hacer posible lo que sue\u00f1a para su negocio.<\/div><\/div>[\/vc_column][vc_column][vc_row_inner equal_height=&#8221;yes&#8221; content_placement=&#8221;middle&#8221;][vc_column_inner width=&#8221;1\/2&#8243; css=&#8221;.vc_custom_1491746388981{padding-bottom: 50px !important;}&#8221;]<style type=\"text\/css\" data-type=\"the7_shortcodes-inline-css\">.shortcode-single-image-wrap.shortcode-single-image-451492a2191b91bb08f38a02d1f10774.enable-bg-rollover .rollover i,\n.shortcode-single-image-wrap.shortcode-single-image-451492a2191b91bb08f38a02d1f10774.enable-bg-rollover .rollover-video i {\n  background: -webkit-linear-gradient();\n  background: linear-gradient();\n}\n.shortcode-single-image-wrap.shortcode-single-image-451492a2191b91bb08f38a02d1f10774 .rollover-icon {\n  font-size: 32px;\n  color: #ffffff;\n  min-width: 44px;\n  min-height: 44px;\n  line-height: 44px;\n  border-radius: 100px;\n  border-style: solid;\n  border-width: 0px;\n}\n.dt-icon-bg-on.shortcode-single-image-wrap.shortcode-single-image-451492a2191b91bb08f38a02d1f10774 .rollover-icon {\n  background: rgba(255,255,255,0.3);\n  box-shadow: none;\n}\n<\/style><div class=\"shortcode-single-image-wrap shortcode-single-image-451492a2191b91bb08f38a02d1f10774 alignnone  enable-bg-rollover dt-icon-bg-off\" style=\"margin-top:0px; margin-bottom:0px; margin-left:0px; margin-right:0px; width:1000px;\"><div class=\"shortcode-single-image\"><div class=\"fancy-media-wrap  layzr-bg\" style=\"\"><img fetchpriority=\"high\" decoding=\"async\" class=\"preload-me lazy-load aspect\" src=\"data:image\/svg+xml,%3Csvg%20xmlns%3D&#39;http%3A%2F%2Fwww.w3.org%2F2000%2Fsvg&#39;%20viewBox%3D&#39;0%200%20608%20426&#39;%2F%3E\" data-src=\"https:\/\/www.brianpalma.com\/wp-content\/uploads\/2019\/03\/code-2620118_640-608x426.jpg\" data-srcset=\"https:\/\/www.brianpalma.com\/wp-content\/uploads\/2019\/03\/code-2620118_640-608x426.jpg 608w\" loading=\"eager\" sizes=\"(max-width: 608px) 100vw, 608px\" width=\"608\" height=\"426\"  data-dt-location=\"https:\/\/www.brianpalma.com\/index.php\/about\/code-2620118_640\/\" style=\"--ratio: 608 \/ 426;\" alt=\"\" \/><\/div><\/div><\/div>[\/vc_column_inner][vc_column_inner width=&#8221;1\/2&#8243; css=&#8221;.vc_custom_1491746397816{padding-bottom: 50px !important;}&#8221;][vc_column_text css=&#8221;.vc_custom_1552761540373{padding-bottom: 20px !important;}&#8221;]Nuestro equipo ofrece la planeaci\u00f3n, el desarrollo y el mantenimiento de sitios web. Ofrecemos planes que incluyen todo lo relacionado con un sitio web: le ayudamos a darle forma a su idea, la plasmamos a trav\u00e9s del desarrollo de su p\u00e1gina web, nos encargamos de poner a punto un servidor para alojar su sitio web, nos encargamos de obtener el dominio que busca, damos el servicio de actualizaci\u00f3n de informaci\u00f3n y para garantizar la seguridad de su inversi\u00f3n ofrecemos respaldos peri\u00f3dicos.<\/p>\n<p>Adem\u00e1s, ofrecemos el servicio de instalaci\u00f3n y puesta en marcha de campus virtuales para escuelas, colegios o centros de estudio que buscan incursionar en el mundo de la educaci\u00f3n virtual.[\/vc_column_text]<style type=\"text\/css\" data-type=\"the7_shortcodes-inline-css\">#default-btn-6ed0221651c87200a43004365d8583b2.ico-right-side > i {\n  margin-right: 0px;\n  margin-left: 8px;\n}\n#default-btn-6ed0221651c87200a43004365d8583b2 > i {\n  margin-right: 8px;\n}\n<\/style><a href=\"https:\/\/www.brianpalma.com\/index.php\/contactenos\/\" class=\"default-btn-shortcode dt-btn dt-btn-m link-hover-off btn-inline-left \" id=\"default-btn-6ed0221651c87200a43004365d8583b2\" title=\"Cont\u00e1ctenos\"><span>Cont\u00e1ctenos<\/span><\/a>[\/vc_column_inner][\/vc_row_inner][\/vc_column][\/vc_row][vc_row bg_type=&#8221;grad&#8221; bg_override=&#8221;ex-full&#8221; type=&#8221;vc_default&#8221; margin_top=&#8221;-50&#8243; css=&#8221;.vc_custom_1552763480655{padding-top: 30px !important;padding-bottom: 0px !important;}&#8221; bg_grad=&#8221;background: -webkit-gradient(linear, left top, left bottom, color-stop(10%, #0D76A6), color-stop(95%, #13A8C6));background: -moz-linear-gradient(left,#0D76A6 10%,#13A8C6 95%);background: -webkit-linear-gradient(left,#0D76A6 10%,#13A8C6 95%);background: -o-linear-gradient(left,#0D76A6 10%,#13A8C6 95%);background: -ms-linear-gradient(left,#0D76A6 10%,#13A8C6 95%);background: linear-gradient(left,#0D76A6 10%,#13A8C6 95%);&#8221;][vc_column css=&#8221;.vc_custom_1552762089274{padding-top: -100px !important;padding-bottom: 40px !important;}&#8221;]<div class=\"stats-block stats-top   vc_custom_1552762149803\"><div class=\"aio-icon-top\"><div class=\"ult-just-icon-wrapper  \"><div class=\"align-icon\" style=\"text-align:center;\">\n<div class=\"aio-icon advanced \"  style=\"color:#ffffff;background:rgba(255,255,255,0.15);border-style:;border-color:#333333;border-width:1px;width:70px;height:70px;line-height:70px;border-radius:500px;font-size:36px;display:inline-block;\">\n\t<i class=\"icomoon-fontawesome-16x16-briefcase\"><\/i>\n<\/div><\/div><\/div><\/div><div class=\"stats-desc\" id=\"counter-responsv-wrap-1538\"><div id=\"counter_216779800469e118978bd3f\" data-id=\"counter_216779800469e118978bd3f\"  data-ultimate-target='#counter-responsv-wrap-1538 .stats-number'  data-responsive-json-new='{\"font-size\":\"desktop:54px;\",\"line-height\":\"desktop:64px;\"}'  class=\"stats-number ult-responsive\" style=\" color:#ffffff; font-family:&#039;Open Sans&#039;;font-weight:700;color:#ffffff;\" data-speed=\"5\" data-counter-value=\"10\" data-separator=\",\" data-decimal=\".\">0<\/div><div class=\"counter_suffix mycust ult-responsive\"  data-ultimate-target='#counter-responsv-wrap-1538 .mycust'  data-responsive-json-new='{\"font-size\":\"desktop:54px;\",\"line-height\":\"desktop:64px;\"}'  style=\" font-family:&#039;Open Sans&#039;;font-weight:700;color:#ffffff\">+<\/div><div id=\"counter_216779800469e118978bd3f\"  data-ultimate-target='#counter-responsv-wrap-1538 .stats-text'  data-responsive-json-new='{\"font-size\":\"desktop:22px;\",\"line-height\":\"desktop:32px;\"}'  class=\"stats-text ult-responsive\" style=\"font-size:px; color:#ffffff; font-family:&#039;Raleway&#039;;font-weight:700;\">A\u00f1os de experiencia<\/div><\/div><\/div>[\/vc_column][\/vc_row][vc_row equal_height=&#8221;yes&#8221; content_placement=&#8221;middle&#8221; bg_type=&#8221;bg_color&#8221; bg_override=&#8221;ex-full&#8221; type=&#8221;vc_default&#8221; margin_top=&#8221;5&#8243; margin_bottom=&#8221;10&#8243; css=&#8221;.vc_custom_1529516558512{padding-top: 70px !important;padding-bottom: 20px !important;}&#8221; bg_color_value=&#8221;rgba(170,170,170,0.1)&#8221;][vc_column][vc_row_inner equal_height=&#8221;yes&#8221; content_placement=&#8221;middle&#8221;][vc_column_inner width=&#8221;1\/2&#8243; css=&#8221;.vc_custom_1491746397816{padding-bottom: 50px !important;}&#8221;]<div id=\"ultimate-heading-720569e118978bf3e\" class=\"uvc-heading ult-adjust-bottom-margin ultimate-heading-720569e118978bf3e uvc-3525 accent-border-color\" data-hspacer=\"line_only\"  data-halign=\"left\" style=\"text-align:left\"><div class=\"uvc-main-heading ult-responsive\"  data-ultimate-target='.uvc-heading.ultimate-heading-720569e118978bf3e h2'  data-responsive-json-new='{\"font-size\":\"desktop:30px;\",\"line-height\":\"desktop:40px;\"}' ><h2 style=\"font-weight:bold;margin-bottom:5px;\">Orientados a satisfacer al cliente<\/h2><\/div><div class=\"uvc-heading-spacer line_only\" style=\"margin-bottom:40px;height:3px;\"><span class=\"uvc-headings-line\" style=\"border-style:solid;border-bottom-width:3px;border-color:;width:80px;\"><\/span><\/div><\/div>[vc_column_text]Nuestro enfoque es completamente hacia el cliente, buscamos plasmar las ideas de nuestros clientes en los productos en los que trabajamos. Nos preocupamos por recomendarle a nuestros clientes lo que mejor se ajuste a sus necesidades y requerimientos, siempre buscando que obtengan el mejor producto posible.<\/p>\n<p>De nosotros puede esperar: compromiso, calidad y dedicaci\u00f3n a sus proyectos.[\/vc_column_text][\/vc_column_inner][vc_column_inner width=&#8221;1\/2&#8243; css=&#8221;.vc_custom_1491746388981{padding-bottom: 50px !important;}&#8221;]<style type=\"text\/css\" data-type=\"the7_shortcodes-inline-css\">.shortcode-single-image-wrap.shortcode-single-image-a6edc1631db9688a0e5c6c5881aa2d85.enable-bg-rollover .rollover i,\n.shortcode-single-image-wrap.shortcode-single-image-a6edc1631db9688a0e5c6c5881aa2d85.enable-bg-rollover .rollover-video i {\n  background: -webkit-linear-gradient();\n  background: linear-gradient();\n}\n.shortcode-single-image-wrap.shortcode-single-image-a6edc1631db9688a0e5c6c5881aa2d85 .rollover-icon {\n  font-size: 32px;\n  color: #ffffff;\n  min-width: 44px;\n  min-height: 44px;\n  line-height: 44px;\n  border-radius: 100px;\n  border-style: solid;\n  border-width: 0px;\n}\n.dt-icon-bg-on.shortcode-single-image-wrap.shortcode-single-image-a6edc1631db9688a0e5c6c5881aa2d85 .rollover-icon {\n  background: rgba(255,255,255,0.3);\n  box-shadow: none;\n}\n<\/style><div class=\"shortcode-single-image-wrap shortcode-single-image-a6edc1631db9688a0e5c6c5881aa2d85 alignnone  enable-bg-rollover dt-icon-bg-off\" style=\"margin-top:0px; margin-bottom:0px; margin-left:0px; margin-right:0px; width:1000px;\"><div class=\"shortcode-single-image\"><div class=\"fancy-media-wrap  layzr-bg\" style=\"\"><img decoding=\"async\" class=\"preload-me lazy-load aspect\" src=\"data:image\/svg+xml,%3Csvg%20xmlns%3D&#39;http%3A%2F%2Fwww.w3.org%2F2000%2Fsvg&#39;%20viewBox%3D&#39;0%200%20608%20426&#39;%2F%3E\" data-src=\"https:\/\/www.brianpalma.com\/wp-content\/uploads\/2019\/03\/women-1209678_640-608x426.jpg\" data-srcset=\"https:\/\/www.brianpalma.com\/wp-content\/uploads\/2019\/03\/women-1209678_640-608x426.jpg 608w\" loading=\"eager\" sizes=\"(max-width: 608px) 100vw, 608px\" width=\"608\" height=\"426\"  data-dt-location=\"https:\/\/www.brianpalma.com\/index.php\/about\/women-1209678_640\/\" style=\"--ratio: 608 \/ 426;\" alt=\"\" \/><\/div><\/div><\/div>[\/vc_column_inner][\/vc_row_inner][\/vc_column][\/vc_row][vc_row bg_type=&#8221;image&#8221; parallax_style=&#8221;vcpb-vz-jquery&#8221; bg_image_new=&#8221;id^2354|url^https:\/\/www.brianpalma.com\/wp-content\/uploads\/2019\/03\/office-1081807_1280.jpg|caption^null|alt^null|title^office-1081807_1280|description^null&#8221; parallax_sense=&#8221;40&#8243; bg_override=&#8221;ex-full&#8221; enable_overlay=&#8221;enable_overlay_value&#8221; overlay_color=&#8221;rgba(0,0,0,0.6)&#8221; type=&#8221;vc_default&#8221; css=&#8221;.vc_custom_1553298360469{padding-top: 100px !important;padding-bottom: 105px !important;}&#8221;][vc_column width=&#8221;5\/6&#8243; offset=&#8221;vc_col-lg-offset-2 vc_col-lg-8 vc_col-md-offset-1 vc_col-md-10 vc_col-sm-offset-1&#8243;]<div id=\"ultimate-heading-965569e118978e5c2\" class=\"uvc-heading ult-adjust-bottom-margin ultimate-heading-965569e118978e5c2 uvc-7586 accent-border-color\" data-hspacer=\"line_only\"  data-halign=\"center\" style=\"text-align:center\"><div class=\"uvc-main-heading ult-responsive\"  data-ultimate-target='.uvc-heading.ultimate-heading-965569e118978e5c2 h2'  data-responsive-json-new='{\"font-size\":\"desktop:22px;\",\"line-height\":\"desktop:32px;\"}' ><h2 style=\"font-weight:bold;color:#ffffff;margin-bottom:5px;\">BRIANPALMA.COM<\/h2><\/div><div class=\"uvc-heading-spacer line_only\" style=\"margin-bottom:40px;height:3px;\"><span class=\"uvc-headings-line\" style=\"border-style:solid;border-bottom-width:3px;border-color:;width:80px;\"><\/span><\/div><div class=\"uvc-sub-heading ult-responsive\"  data-ultimate-target='.uvc-heading.ultimate-heading-965569e118978e5c2 .uvc-sub-heading '  data-responsive-json-new='{\"font-size\":\"desktop:44px;tablet_portrait:30px;mobile_landscape:22px;\",\"line-height\":\"desktop:54px;tablet_portrait:40px;mobile_landscape:32px;\"}'  style=\"font-family:&#039;Raleway&#039;;font-weight:bold;color:#ffffff;\">Cont\u00e1ctenos, tenemos la soluci\u00f3n que usted necesita para potenciar su negocio.<\/div><\/div><style type=\"text\/css\" data-type=\"the7_shortcodes-inline-css\">#default-btn-1ec7cbf34c62414b89c993518f6dc9aa.ico-right-side > i {\n  margin-right: 0px;\n  margin-left: 8px;\n}\n#default-btn-1ec7cbf34c62414b89c993518f6dc9aa > i {\n  margin-right: 8px;\n}\n<\/style><div class=\"btn-align-center\"><a href=\"https:\/\/www.brianpalma.com\/index.php\/contactenos\/\" class=\"default-btn-shortcode dt-btn dt-btn-l link-hover-off  vc_custom_1553298218323\" id=\"default-btn-1ec7cbf34c62414b89c993518f6dc9aa\" style=\"width:200px;\" title=\"Cont\u00e1ctenos\"><span>CONT\u00c1CTENOS<\/span><\/a><\/div>[\/vc_column][\/vc_row]<\/p>\n<\/section>","protected":false},"excerpt":{"rendered":"<p>[vc_row equal_height=&#8221;yes&#8221; content_placement=&#8221;middle&#8221; type=&#8221;vc_default&#8221; margin_top=&#8221;5&#8243; margin_bottom=&#8221;10&#8243; css=&#8221;.vc_custom_1529516549373{padding-top: 70px !important;padding-bottom: 20px !important;}&#8221;][vc_column offset=&#8221;vc_col-lg-offset-2 vc_col-lg-8 vc_col-md-offset-1 vc_col-md-10&#8243;][\/vc_column][vc_column][vc_row_inner equal_height=&#8221;yes&#8221; content_placement=&#8221;middle&#8221;][vc_column_inner width=&#8221;1\/2&#8243; css=&#8221;.vc_custom_1491746388981{padding-bottom: 50px !important;}&#8221;][\/vc_column_inner][vc_column_inner width=&#8221;1\/2&#8243; css=&#8221;.vc_custom_1491746397816{padding-bottom: 50px !important;}&#8221;][vc_column_text css=&#8221;.vc_custom_1552761540373{padding-bottom: 20px !important;}&#8221;]Nuestro equipo ofrece la planeaci\u00f3n, el desarrollo y el mantenimiento de sitios web. Ofrecemos planes que incluyen todo lo relacionado con un sitio web: le ayudamos a darle&hellip;<\/p>\n","protected":false},"author":1,"featured_media":0,"parent":0,"menu_order":5,"comment_status":"closed","ping_status":"closed","template":"","meta":{"footnotes":""},"class_list":["post-388","page","type-page","status-publish","hentry","description-off"],"_links":{"self":[{"href":"https:\/\/www.brianpalma.com\/index.php\/wp-json\/wp\/v2\/pages\/388","targetHints":{"allow":["GET"]}}],"collection":[{"href":"https:\/\/www.brianpalma.com\/index.php\/wp-json\/wp\/v2\/pages"}],"about":[{"href":"https:\/\/www.brianpalma.com\/index.php\/wp-json\/wp\/v2\/types\/page"}],"author":[{"embeddable":true,"href":"https:\/\/www.brianpalma.com\/index.php\/wp-json\/wp\/v2\/users\/1"}],"replies":[{"embeddable":true,"href":"https:\/\/www.brianpalma.com\/index.php\/wp-json\/wp\/v2\/comments?post=388"}],"version-history":[{"count":20,"href":"https:\/\/www.brianpalma.com\/index.php\/wp-json\/wp\/v2\/pages\/388\/revisions"}],"predecessor-version":[{"id":2359,"href":"https:\/\/www.brianpalma.com\/index.php\/wp-json\/wp\/v2\/pages\/388\/revisions\/2359"}],"wp:attachment":[{"href":"https:\/\/www.brianpalma.com\/index.php\/wp-json\/wp\/v2\/media?parent=388"}],"curies":[{"name":"wp","href":"https:\/\/api.w.org\/{rel}","templated":true}]}}